{"id":309,"date":"2021-06-04T14:18:18","date_gmt":"2021-06-04T12:18:18","guid":{"rendered":"https:\/\/thelighthouse.com.pl\/?page_id=309"},"modified":"2025-06-10T18:50:49","modified_gmt":"2025-06-10T16:50:49","slug":"cennik","status":"publish","type":"page","link":"https:\/\/thelighthouse.com.pl\/index.php\/cennik\/","title":{"rendered":"cennik"},"content":{"rendered":"\t\t<div data-elementor-type=\"wp-page\" data-elementor-id=\"309\" class=\"elementor elementor-309\" data-elementor-settings=\"{&quot;ha_cmc_init_switcher&quot;:&quot;no&quot;}\" data-elementor-post-type=\"page\">\n\t\t\t\t\t\t<section class=\"elementor-section elementor-top-section elementor-element elementor-element-d44cd05 elementor-section-boxed elementor-section-height-default elementor-section-height-default\" data-id=\"d44cd05\" data-element_type=\"section\" data-e-type=\"section\" data-settings=\"{&quot;_ha_eqh_enable&quot;:false}\">\n\t\t\t\t\t\t<div class=\"elementor-container elementor-column-gap-default\">\n\t\t\t\t\t<div class=\"elementor-column elementor-col-100 elementor-top-column elementor-element elementor-element-c35519f\" data-id=\"c35519f\" data-element_type=\"column\" data-e-type=\"column\">\n\t\t\t<div class=\"elementor-widget-wrap elementor-element-populated\">\n\t\t\t\t\t\t<div class=\"elementor-element elementor-element-c837be1 elementor-widget elementor-widget-spacer\" data-id=\"c837be1\" data-element_type=\"widget\" data-e-type=\"widget\" data-widget_type=\"spacer.default\">\n\t\t\t\t<div class=\"elementor-widget-container\">\n\t\t\t\t\t\t\t<div class=\"elementor-spacer\">\n\t\t\t<div class=\"elementor-spacer-inner\"><\/div>\n\t\t<\/div>\n\t\t\t\t\t\t<\/div>\n\t\t\t\t<\/div>\n\t\t\t\t<div class=\"elementor-element elementor-element-045ffd0 elementor-widget elementor-widget-heading\" data-id=\"045ffd0\" data-element_type=\"widget\" data-e-type=\"widget\" data-widget_type=\"heading.default\">\n\t\t\t\t<div class=\"elementor-widget-container\">\n\t\t\t\t\t<h2 class=\"elementor-heading-title elementor-size-default\">CENNIK 2025\/2026<\/h2>\t\t\t\t<\/div>\n\t\t\t\t<\/div>\n\t\t\t\t<div class=\"elementor-element elementor-element-0e408b4 elementor-widget elementor-widget-spacer\" data-id=\"0e408b4\" data-element_type=\"widget\" data-e-type=\"widget\" data-widget_type=\"spacer.default\">\n\t\t\t\t<div class=\"elementor-widget-container\">\n\t\t\t\t\t\t\t<div class=\"elementor-spacer\">\n\t\t\t<div class=\"elementor-spacer-inner\"><\/div>\n\t\t<\/div>\n\t\t\t\t\t\t<\/div>\n\t\t\t\t<\/div>\n\t\t\t\t<section class=\"elementor-section elementor-inner-section elementor-element elementor-element-e426bd6 elementor-section-boxed elementor-section-height-default elementor-section-height-default\" data-id=\"e426bd6\" data-element_type=\"section\" data-e-type=\"section\" data-settings=\"{&quot;_ha_eqh_enable&quot;:false}\">\n\t\t\t\t\t\t<div class=\"elementor-container elementor-column-gap-default\">\n\t\t\t\t\t<div class=\"elementor-column elementor-col-50 elementor-inner-column elementor-element elementor-element-2992a71\" data-id=\"2992a71\" data-element_type=\"column\" data-e-type=\"column\" data-settings=\"{&quot;background_background&quot;:&quot;classic&quot;}\">\n\t\t\t<div class=\"elementor-widget-wrap elementor-element-populated\">\n\t\t\t\t\t\t<div class=\"elementor-element elementor-element-cf6d824 elementor-widget elementor-widget-heading\" data-id=\"cf6d824\" data-element_type=\"widget\" data-e-type=\"widget\" data-widget_type=\"heading.default\">\n\t\t\t\t<div class=\"elementor-widget-container\">\n\t\t\t\t\t<h2 class=\"elementor-heading-title elementor-size-default\">*RABAT RODZINNY<\/h2>\t\t\t\t<\/div>\n\t\t\t\t<\/div>\n\t\t\t\t<div class=\"elementor-element elementor-element-ab72265 elementor-widget elementor-widget-text-editor\" data-id=\"ab72265\" data-element_type=\"widget\" data-e-type=\"widget\" data-widget_type=\"text-editor.default\">\n\t\t\t\t<div class=\"elementor-widget-container\">\n\t\t\t\t\t\t\t\t\t<p>Rejestracja drugiego lub trzeciego dziecka?<\/p>\n<p><span style=\"font-family: var( --e-global-typography-primary-font-family ), Sans-serif; font-weight: var( --e-global-typography-primary-font-weight ); font-size: var(--global--font-size-base);\">Rodze\u0144stwo otrzymuje 100 z\u0142 rabatu od ceny ca\u0142ego kursu grupowego dal ka\u017cdego z dzieci.<\/span><\/p>\t\t\t\t\t\t\t\t<\/div>\n\t\t\t\t<\/div>\n\t\t\t\t\t<\/div>\n\t\t<\/div>\n\t\t\t\t<div class=\"elementor-column elementor-col-50 elementor-inner-column elementor-element elementor-element-8743139\" data-id=\"8743139\" data-element_type=\"column\" data-e-type=\"column\" data-settings=\"{&quot;background_background&quot;:&quot;classic&quot;}\">\n\t\t\t<div class=\"elementor-widget-wrap elementor-element-populated\">\n\t\t\t\t\t\t<div class=\"elementor-element elementor-element-8b6e532 elementor-widget elementor-widget-heading\" data-id=\"8b6e532\" data-element_type=\"widget\" data-e-type=\"widget\" data-widget_type=\"heading.default\">\n\t\t\t\t<div class=\"elementor-widget-container\">\n\t\t\t\t\t<h2 class=\"elementor-heading-title elementor-size-default\">**RABAT P\u0141ATNO\u015a\u0106 JEDNORAZOWA<\/h2>\t\t\t\t<\/div>\n\t\t\t\t<\/div>\n\t\t\t\t<div class=\"elementor-element elementor-element-2a3fda2 elementor-widget elementor-widget-text-editor\" data-id=\"2a3fda2\" data-element_type=\"widget\" data-e-type=\"widget\" data-widget_type=\"text-editor.default\">\n\t\t\t\t<div class=\"elementor-widget-container\">\n\t\t\t\t\t\t\t\t\t<p>Chcesz op\u0142aci\u0107 ca\u0142y kurs z g\u00f3ry?\u00a0<\/p><p>Jednorazowa p\u0142atno\u015bc za ca\u0142y kurs\u00a0 z g\u00f3ry uprawnia do 200z\u0142 rabatu.<\/p><p>\u00a0<\/p><p>\u00a0<\/p>\t\t\t\t\t\t\t\t<\/div>\n\t\t\t\t<\/div>\n\t\t\t\t\t<\/div>\n\t\t<\/div>\n\t\t\t\t\t<\/div>\n\t\t<\/section>\n\t\t\t\t<div class=\"elementor-element elementor-element-58877a3 elementor-widget elementor-widget-text-editor\" data-id=\"58877a3\" data-element_type=\"widget\" data-e-type=\"widget\" data-widget_type=\"text-editor.default\">\n\t\t\t\t<div class=\"elementor-widget-container\">\n\t\t\t\t\t\t\t\t\t<p><span style=\"color: #053063; font-family: Roboto, sans-serif; font-weight: 600; font-size: var(--global--font-size-base);\">* Rabat w wysoko\u015bci 100z\u0142 obowi\u0105zuje tylko w przypadku kursu rocznego, w przypadku do\u0142\u0105czenia do kursu w trakcie jego trwania, wysoko\u015b\u0107 rabatu wyliczona jest proporcjonalnie do pozosta\u0142ej ilo\u015bci godzin kursu. Rezygnajca z kursu przed jego zako\u0144czeniem powoduje utrat\u0119 rabatu.<\/span><\/p>\n<p><span style=\"color: #053063; font-family: Roboto, sans-serif; font-weight: 600; font-size: var(--global--font-size-base);\">&nbsp;<\/span><\/p>\n<p><span style=\"color: #053063; font-family: Roboto, sans-serif; font-weight: 600; font-size: var(--global--font-size-base);\">&nbsp;<\/span><span style=\"color: #053063; font-family: Roboto, sans-serif; font-weight: 600; font-size: var(--global--font-size-base);\">** zni\u017cki &#8220;p\u0142atno\u015b\u0107 jednorazowa&#8221; i &#8220;Early Bird&#8221; nie sumuj\u0105 si\u0119.<\/span><\/p>\t\t\t\t\t\t\t\t<\/div>\n\t\t\t\t<\/div>\n\t\t\t\t\t<\/div>\n\t\t<\/div>\n\t\t\t\t\t<\/div>\n\t\t<\/section>\n\t\t\t\t<section class=\"elementor-section elementor-top-section elementor-element elementor-element-53737b7 elementor-section-boxed elementor-section-height-default elementor-section-height-default\" data-id=\"53737b7\" data-element_type=\"section\" data-e-type=\"section\" data-settings=\"{&quot;_ha_eqh_enable&quot;:false}\">\n\t\t\t\t\t\t<div class=\"elementor-container elementor-column-gap-default\">\n\t\t\t\t\t<div class=\"elementor-column elementor-col-100 elementor-top-column elementor-element elementor-element-61a0476\" data-id=\"61a0476\" data-element_type=\"column\" data-e-type=\"column\">\n\t\t\t<div class=\"elementor-widget-wrap elementor-element-populated\">\n\t\t\t\t\t\t<div class=\"elementor-element elementor-element-c930ee4 elementor-widget elementor-widget-ha-pdf-view happy-addon ha-pdf-view\" data-id=\"c930ee4\" data-element_type=\"widget\" data-e-type=\"widget\" data-widget_type=\"ha-pdf-view.default\">\n\t\t\t\t<div class=\"elementor-widget-container\">\n\t\t\t\t\t        <div class=\"pdf_viewer_container\">\n            <div class=\"pdf_viewer_options viewer-c930ee4\" data-pdf-settings=\"{&quot;unique_id&quot;:&quot;viewer-c930ee4&quot;,&quot;pdf_url&quot;:&quot;https:\\\/\\\/thelighthouse.com.pl\\\/wp-content\\\/uploads\\\/2025\\\/06\\\/PRICE-LIST-2025-2026-new.pdf&quot;,&quot;file_type&quot;:&quot;upload_file&quot;,&quot;page_number&quot;:&quot;1&quot;,&quot;width&quot;:&quot;100%&quot;,&quot;height&quot;:&quot;600px&quot;}\">\n\t\t\t\t<span class=\"ha-title-flex\">\n\t\t\t\t\t<span class=\"pdf-icon\">\n\t\t\t\t\t\t<i aria-hidden=\"true\" class=\"fas fa-file-pdf\"><\/i>\t\t\t\t\t<\/span>\n\t\t\t\t\t<h2 class=\"ha-pdf-title\">CENNIK 2025\/26<\/h2>\t\t\t\t<\/span>\n\t\t\t\t                <div class=\"pdf-button\">\n                <a href=\"https:\/\/thelighthouse.com.pl\/wp-content\/uploads\/2025\/06\/PRICE-LIST-2025-2026-new.pdf\" class=\"ha-btn\" download title=\"CENNIK 2025\/26\">Download<\/a>                <\/div>\n            <\/div>\n\n\t\t\t<div>\n\t\t\t\t<div id=\"viewer-c930ee4\"><\/div>\n\t\t\t<\/div>\n\n        <\/div>\n        \t\t\t\t<\/div>\n\t\t\t\t<\/div>\n\t\t\t\t\t<\/div>\n\t\t<\/div>\n\t\t\t\t\t<\/div>\n\t\t<\/section>\n\t\t\t\t<\/div>\n\t\t","protected":false},"excerpt":{"rendered":"<p>CENNIK 2025\/2026 *RABAT RODZINNY Rejestracja drugiego lub trzeciego dziecka? Rodze\u0144stwo otrzymuje 100 z\u0142 rabatu od ceny ca\u0142ego kursu grupowego dal ka\u017cdego z dzieci. **RABAT P\u0141ATNO\u015a\u0106 JEDNORAZOWA Chcesz op\u0142aci\u0107 ca\u0142y kurs z g\u00f3ry?\u00a0 Jednorazowa p\u0142atno\u015bc za ca\u0142y kurs\u00a0 z g\u00f3ry uprawnia do 200z\u0142 rabatu. \u00a0 \u00a0 * Rabat w wysoko\u015bci 100z\u0142 obowi\u0105zuje tylko w przypadku kursu&hellip; <a class=\"more-link\" href=\"https:\/\/thelighthouse.com.pl\/index.php\/cennik\/\">Continue reading <span class=\"screen-reader-text\">cennik<\/span><\/a><\/p>\n","protected":false},"author":1,"featured_media":8,"parent":0,"menu_order":0,"comment_status":"closed","ping_status":"closed","template":"elementor_header_footer","meta":{"footnotes":""},"class_list":["post-309","page","type-page","status-publish","has-post-thumbnail","hentry","entry"],"aioseo_notices":[],"_links":{"self":[{"href":"https:\/\/thelighthouse.com.pl\/index.php\/wp-json\/wp\/v2\/pages\/309","targetHints":{"allow":["GET"]}}],"collection":[{"href":"https:\/\/thelighthouse.com.pl\/index.php\/wp-json\/wp\/v2\/pages"}],"about":[{"href":"https:\/\/thelighthouse.com.pl\/index.php\/wp-json\/wp\/v2\/types\/page"}],"author":[{"embeddable":true,"href":"https:\/\/thelighthouse.com.pl\/index.php\/wp-json\/wp\/v2\/users\/1"}],"replies":[{"embeddable":true,"href":"https:\/\/thelighthouse.com.pl\/index.php\/wp-json\/wp\/v2\/comments?post=309"}],"version-history":[{"count":285,"href":"https:\/\/thelighthouse.com.pl\/index.php\/wp-json\/wp\/v2\/pages\/309\/revisions"}],"predecessor-version":[{"id":3271,"href":"https:\/\/thelighthouse.com.pl\/index.php\/wp-json\/wp\/v2\/pages\/309\/revisions\/3271"}],"wp:featuredmedia":[{"embeddable":true,"href":"https:\/\/thelighthouse.com.pl\/index.php\/wp-json\/wp\/v2\/media\/8"}],"wp:attachment":[{"href":"https:\/\/thelighthouse.com.pl\/index.php\/wp-json\/wp\/v2\/media?parent=309"}],"curies":[{"name":"wp","href":"https:\/\/api.w.org\/{rel}","templated":true}]}}